 - (45/39 + (-6)/39). Suppose -2*p - o = 2*p - 23, 5*o = -3*p + 30. Suppose -n = -p - j. Calculate the greatest common factor of 21 and n.
7
Suppose -1482 = -689*s + 683*s. What is the greatest common divisor of s and 65?
13
Let q = -349 - -372. What is the greatest common divisor of q and 437?
23
Let r(h) be the second derivative of 101*h**3/3 - h**2 - 3*h. Let i be r(1). What is the greatest common divisor of 25 and i?
25
Let t(y) = 2*y**2 - 20. Let s be t(4). Calculate the greatest common factor of s and 90.
6
Suppose 2*k + 4*b - 598 = 520, 4*b - 2224 = -4*k. Calculate the greatest common divisor of 316 and k.
79
Suppose 0 = -0*z + 3*z, -4*h = -5*z - 360. Suppose -v + 40 = -18. Let f be 725/v*(-24)/(-5). What is the highest common divisor of f and h?
30
Suppose u = -2*q + 6*q - 58, 3*q + u = 40. Calculate the highest common divisor of 112 and q.
14
Let l(x) = -8*x + 100. Let u be l(6). Calculate the highest common divisor of u and 143.
13
Suppose -1582 + 97 = -33*c + 297. Suppose -3*w + 2*x + 1278 = -510, 4*w = 3*x + 2385. What is the greatest common factor of c and w?
54
Suppose 395 = 21*h - 67. What is the highest common factor of 286 and h?
22
Suppose -3*p + 455 + 286 = 0. What is the highest common factor of 13 and p?
13
Let q(l) = -3*l + 74. Let a be q(22). Let g be a/3*(-18)/(-4). What is the highest common divisor of g and 4?
4
Suppose 0 = -2*r + 5*g + 87, -r + 5*g = -2 - 49. What is the greatest common factor of 84 and r?
12
Suppose 3*h = 2*h - 65. Let a = 75 + h. Calculate the greatest common divisor of 80 and a.
10
Let k be (-46)/6*(-396)/44. Calculate the highest common divisor of 552 and k.
69
Let r = 1548 + 277. What is the greatest common factor of r and 73?
73
Let j = 30 + -32. Let k be ((-99)/55)/(j/10). Calculate the highest common factor of k and 9.
9
Suppose -5*s + 500 = b, 2*b = 5*b. Let w = -5 - -25. What is the highest common factor of w and s?
20
Let l = -53 - -86. Calculate the greatest common factor of 1 and l.
1
Let b be 2/(((-16)/1220)/2). Let g = -71 - b. Let n be 3*4*(-52)/(-24). What is the highest common divisor of g and n?
26
Let k be ((-264)/(-55))/((-2)/(-10)). Suppose -3*r + k = 3*r. Suppose -f - 4*x = -r*f + 7, x = 5. Calculate the highest common divisor of f and 3.
3
Suppose 5*v + 9 = 2*t + 12, 5*t = 2*v + 24. Calculate the highest common factor of t and 93.
3
Suppose -5*r + 10 = -0. Suppose -r*b - 74 = -2*q - 6*b, -5*q = -3*b - 120. Let x = -13 + 22. What is the greatest common factor of x and q?
9
Suppose -2*n - 29 - 19 = 0. Let v = -23 - n. Calculate the highest common factor of v and 9.
1
Suppose 0 = 5*n + 14*n - 228. What is the highest common factor of 282 and n?
6
Suppose 38*f = 77*f - 39624. Calculate the greatest common factor of f and 16.
8
Let p be (-2)/(-30) - (-143598)/630. What is the highest common divisor of 513 and p?
57
Suppose -6*s + 6 = 18. Let a be ((-78)/(-91))/(s/(-14)). Calculate the highest common factor of 54 and a.
6
Suppose -j + 100 = 4*j. Suppose 6*b - v - 1917 = 2*b, 0 = b - 2*v - 474. Let t be b/(-12)*7/(-2). What is the greatest common divisor of t and j?
20
Let w = 11 + -7. Let f = 552 - 476. What is the highest common factor of f and w?
4
Suppose 0 = -78*l + 83*l - 80. Let q be -8*-1*3/6. Let p = q - 0. What is the greatest common divisor of l and p?
4
Let x(o) = o**2 + 21*o + 6. Let l be x(-21). Suppose -l*r + 130 = -r. What is the highest common divisor of r and 39?
13
Let n be ((-1)/(-2))/(6/60). Suppose -1 = -n*p - l + 1, -4 = -5*p - 2*l. Let b = 50 + p. Calculate the greatest common factor of 10 and b.
10
Suppose -192 = 15*v - 31*v. Calculate the highest common divisor of v and 3.
3
Suppose -4*f + 6 - 7 = -x, 0 = -x + 2*f + 9. Let d be (45 - -3) + (0 - -3). What is the greatest common divisor of d and x?
17
Suppose -5*m - 55 = -5*b, 4*b - 2*b = -3*m + 27. What is the highest common divisor of b and 60?
12
Let u(n) = 2*n**2 + n - 6. Let z be u(-6). Suppose -26 = -4*r + 54. What is the greatest common factor of z and r?
20
Let q be (0 - -2)/2 - (1 + -40). What is the greatest common factor of q and 4?
4
Let l = 1 + 5. Let j = -76 - -81. Suppose -2*g = -j - 25. Calculate the greatest common factor of l and g.
3
Let g(l) = l**3 + 15*l**2 - l + 21. Let u be g(-15). Suppose w - 5*t - 98 = u, 2*w = 3*t + 296. Calculate the greatest common divisor of 14 and w.
14
Let l be ((-8)/16 - -2)/(3/236). Let n = -42 + l. What is the greatest common factor of 19 and n?
19
Let k(g) = -40*g + 128. Let s be k(2). What is the highest common divisor of s and 372?
12
Let d be (4 - 0/7)*(-11)/(-4). What is the greatest common factor of 341 and d?
11
Let k(d) = -4 - 6*d - 2 + 6 + 1. Let h be k(-6). Calculate the highest common divisor of h and 74.
37
Let u = -215 - -270. What is the greatest common factor of 66 and u?
11
Let u = 13 - 31. Let p = u - -22. Calculate the greatest common divisor of p and 32.
4
Suppose -426 = -4*v + 354. Let w be 1 + v + -3 + 5. Calculate the highest common factor of w and 22.
22
Let k be 1/(-5) + (-828)/(-115). Let b = k - -14. What is the highest common factor of b and 42?
21
Let y = -118 + 342. What is the highest common divisor of 7 and y?
7
Let y be 39/(-2)*(-4)/9*3. Suppose 4*o + 1 - 20 = -3*v, -5*v = -o - 1. Suppose o*q + 1 = 9, -2*x + y = -5*q. What is the highest common factor of 9 and x?
9
Let q be 6/(-21) + (-6060)/(-42). Calculate the greatest common divisor of 18 and q.
18
Let x(u) = -28*u - 1. Suppose 19 = -2*p - 4*i + 7, -5*i = -3*p - 40. Let w be x(p). What is the greatest common divisor of 31 and w?
31
Let a = 79 - 77. Let b(r) = r**3 + 4*r**2 - 5*r + 2. Let s be b(-5). Calculate the greatest common divisor of a and s.
2
Suppose -15*p + 8*p - 7 = 0. Suppose -5*l + 78 = -657. Let g be p + -2 + l*1. Calculate the highest common divisor of g and 18.
18
Let i(b) = 3*b**2 - 9*b + 14. Let v be i(3). What is the highest common divisor of v and 21?
7
Suppose -12*z + 4*z = -24. Suppose 9*u - 57 = -z. Calculate the greatest common divisor of 30 and u.
6
Suppose -23 = i - 151. Suppose 0*u - 3*u - 5*z + 119 = 0, -5 = z. Suppose 0 = 3*q - u. What is the highest common divisor of i and q?
16
Suppose 3 = 2*l - 9. Let f be (-12 - 0)*(-9)/l. What is the highest common factor of 9 and f?
9
Let w(f) = f**3 - 7*f**2 - 6*f. Let r be w(8). Suppose 2*u = 230 + 286. Let z be 2/(-8) - u/(-8). What is the highest common divisor of z and r?
16
Let i be 1 + 26/(-30) + (-365288)/(-840). What is the highest common factor of i and 15?
15
Let j = 25 + 7. Let v = -804 - -808. What is the highest common divisor of v and j?
4
Let c = -33 + 23. Let u be ((-52)/c)/(595/(-150) + 4). Calculate the highest common divisor of 12 and u.
12
Let v = 446 - 257. What is the greatest common divisor of v and 21?
21
Suppose -s + 4 = 5*n, 5*s = -2*n - n + 64. Let m = -19 + 119. Let q = -30 + m. What is the highest common divisor of s and q?
14
Let o(z) = -z**3 + z**2 - 9*z - 53. Let y be o(-7). What is the highest common factor of 6 and y?
6
Let q(h) = 4 + 0 + 4*h**2 - 1 - 8*h - 3*h**2. Let a be q(8). Suppose -2*v + 26 = a*d, -v + 3 = -3*d - 19. What is the greatest common divisor of v and 80?
16
Suppose -336 = 37*f - 41*f. What is the greatest common factor of f and 672?
84
Suppose 3*q - 477 = -4*s - 48, 5*s = q + 541. What is the highest common divisor of s and 12?
12
Let c be ((-186)/24 + 7)*-72. What is the greatest common divisor of 21 and c?
3
Let r = 128 + -89. Let u(g) = -g**3 - 8*g**2 - 37*g + 15. Let s be u(-9). What is the greatest common factor of s and r?
39
Let j = -97 + 102. Suppose -j*c + 240 = -3*c. Suppose 2*o - 2*q = 26, 4*o - 5*q - 50 = -0*o. What is the greatest common divisor of c and o?
15
Let n = -19 - -31. Let g(v) = 3*v**3 + 6*v. Let s(u) = u. Let z(b) = -g(b) + 6*s(b). Let h be z(-1). What is the highest common factor of n and h?
3
Let l = 858 - 836. Calculate the highest common factor of 14 and l.
2
Let o be ((-3)/9)/((-2)/18). Let h be 2 + o/(-3 - 0). Let u = -22 + 23. Calculate the highest common factor of u and h.
1
Suppose 5 = 3*x - 1. Suppose -2*j - 17 = 11. Let g = x - j. What is the greatest common divisor of 48 and g?
16
Suppose 0 = -4*u - 2 + 18. Suppose s = u*l - 15, 4*s = 3*l + 8 - 29. Let d be 75 + (1 - 12/l). Calculate the greatest common divisor of 9